= 0. Let f(l) = l**3 + 8*l**2 + l + 9. Let o be f(u). Calculate the greatest common factor of o and 1.
1
Let c = -46 + 89. Let d = -4 + c. Calculate the highest common factor of 13 and d.
13
Suppose -5*j + 3*t + 2*t - 10 = 0, -t = -1. Suppose 0*i - 3*i + 9 = 0. Let o be (16 - i) + j - 0. What is the greatest common factor of 12 and o?
12
Let c(p) = p**2 - 13*p - 13. Let f be c(14). Suppose x - f - 5 = 0. Let m = -4 + 10. What is the highest common divisor of x and m?
6
Let r(s) = s + 21. Suppose -8*l - l - 117 = 0. Let c be r(l). Calculate the greatest common divisor of 8 and c.
8
Let c be ((-11)/(308/105))/((-1)/16). Suppose r = -4*g - 183, g + 42 = -4*r + 5*r. Let b be (g/6)/((-1)/2). What is the greatest common factor of b and c?
15
Suppose 2*h - 190 + 148 = 0. What is the greatest common factor of 609 and h?
21
Suppose -1743 = -26*r + 701. What is the highest common factor of 235 and r?
47
Let c be (24/(-15))/((-1)/5). Suppose 115*w - 111*w = 224. Calculate the highest common divisor of w and c.
8
Let p(i) = 2*i**3 - 47*i**2 - 24*i + 21. Let f be p(24). What is the highest common divisor of f and 1029?
21
Let m be (-51)/(-119) - (-540)/14. What is the highest common factor of m and 117?
39
Suppose 0 = 4*b - 5*t - 2030, -5*b + 2*t + 2542 = -2*t. What is the highest common divisor of b and 306?
102
Suppose -145 = -2*g - 3*g. Let h = 56 - 80. Let o = g + h. Calculate the greatest common divisor of 55 and o.
5
Let j = 67 + -38. Suppose 0 = -3*r - 44 + 218. What is the highest common divisor of j and r?
29
Suppose -4*y + 204 = -9*f + 14*f, 2*f = -4*y + 72. What is the highest common divisor of 352 and f?
44
Suppose -q - 32 + 7 = 0. Let d = q - -39. Calculate the highest common divisor of 154 and d.
14
Let c be 7 + 1 + (-3 - 2). Let m(h) = 5*h - 2*h - 4*h + 6*h - c. Let z be m(1). Calculate the highest common divisor of 10 and z.
2
Let b(q) = -42*q. Let j be b(-1). Suppose 2*i = 2*w - 32, -3*w - 2*w + 78 = -4*i. What is the highest common divisor of w and j?
14
Suppose 10*o - 45 = 5*o. Let w = 16 - 7. Suppose -2*x + w = -x. Calculate the highest common divisor of x and o.
9
Suppose -3*x - 42 = -159. Let h be 228/18 - 1/(-3). Calculate the greatest common divisor of h and x.
13
Let a(v) = -v**3 + 4*v + 1. Let x = -1 + 4. Let f be (3/(-2))/(x/6). Let l be a(f). What is the highest common divisor of l and 16?
16
Let k = -377 + 383. Calculate the greatest common divisor of 63 and k.
3
Suppose -24*y = -28*y + 1692. What is the greatest common divisor of 18 and y?
9
Suppose 4*c + 3*g - 535 = 0, 7*g - 410 = -3*c + 3*g. Calculate the greatest common factor of 39 and c.
13
Let h = 290 + 7. What is the highest common factor of 11 and h?
11
Suppose -621 = -4*b - k + 160, 4 = 4*k. Let t be 32/(-6)*b/(-52). Calculate the greatest common divisor of t and 4.
4
Suppose -s + 102 = 4*o, -5*o = -0*o - 2*s - 121. What is the highest common factor of 325 and o?
25
Let c be (-3 + (-56)/(-4))*5. Let d = -11 + 14. Suppose 0 = 4*h - d*j - 88, -h = 3*h + 5*j - 88. Calculate the highest common divisor of c and h.
11
Let y = -346 - -392. What is the greatest common divisor of y and 299?
23
Suppose -5*b = -b - 272. Suppose -18*u - 60 = -23*u - 5*h, 5*u = h + 90. What is the greatest common divisor of b and u?
17
Let z(g) = 13*g**2 + 228*g - 94. Let h be z(-18). Let i = 23 - 9. What is the greatest common divisor of i and h?
14
Suppose -m + 173 = -3*a, 3*a - a - 3*m + 113 = 0. Let s = a - -103. Calculate the highest common factor of 5 and s.
5
Suppose -2*y + 0*h + 66 = 3*h, -5*y + 151 = 4*h. Suppose -204 = y*o - 33*o. Calculate the greatest common divisor of o and 17.
17
Let y be (-110)/4*(-1 + (-3)/15). Suppose 2*o + 32 = -2*o. Let x = o + y. What is the greatest common factor of x and 25?
25
Let t(r) = 6*r + 179. Let b be t(-6). What is the highest common divisor of 132 and b?
11
Let i = 746 + -392. Calculate the highest common divisor of i and 12.
6
Let c = 894 + -840. Calculate the greatest common divisor of 114 and c.
6
Let m(l) = -2*l**2 - 28*l + 2. Let r be m(-14). Calculate the highest common factor of 26 and r.
2
Let u = -4 - -27. Suppose -3*w + 70 = -u. Suppose -2*s + 25 + w = 0. What is the greatest common factor of s and 7?
7
Let z(w) be the first derivative of -9*w**2/2 - 3*w + 3. Let n be z(-3). What is the highest common factor of n and 6?
6
Suppose -13 - 73 = 4*t - k, 102 = -5*t + 4*k. Let s = -6 - t. Suppose -1 = -2*m + 5*b + 11, 4*b - s = 0. Calculate the greatest common divisor of m and 64.
16
Let y be (15/(-20))/(63/(-168)). Suppose -5*t - 79 = -4*f, -4*f - 5*t + 1 = -3*f. Calculate the greatest common factor of y and f.
2
Suppose -331 = -3*z + f, 0 = -25*z + 20*z + 4*f + 554. Calculate the greatest common divisor of z and 44.
22
Let j(d) = -d**2 - 8*d + 10. Let z = -38 + 33. Let a be j(z). Calculate the greatest common factor of a and 225.
25
Let m = 286 + -154. Let j be 4/((6/(-9))/1). Let l be (-69)/j - (-2)/4. Calculate the greatest common divisor of l and m.
12
Let z be (-1 + 4)/(10/(740/3)). Calculate the greatest common divisor of 259 and z.
37
Suppose -x + 5*o + 186 = x, 274 = 3*x - 5*o. Calculate the greatest common divisor of 8 and x.
8
Let j = -146 - -69. Let s = -45 - j. Calculate the highest common factor of s and 8.
8
Let v(l) = 11*l**2 + 1. Let z be v(1). Let a be (2*-5)/((-4)/(-14) - (-1880)/(-1680)). Calculate the highest common divisor of z and a.
12
Suppose 4*v + l - 118 = 0, 5*v - 149 = -3*l + l. Suppose 43 + v = 6*z. What is the highest common divisor of 8 and z?
4
Suppose -u = -0*u. Suppose u = 2*q - 16 - 8. Calculate the highest common divisor of q and 18.
6
Let u(a) = a**3 - 9*a**2 + 4*a + 15. Let v(p) = p**3 - 3*p**2 - 3*p + 5. Let i be v(4). Let b be u(i). Calculate the highest common divisor of 3 and b.
3
Suppose 0*k - 15 = u - 4*k, 84 = -4*u + 4*k. Let j = u + 73. Let n be 3 + (-1)/(-2)*4. What is the highest common divisor of j and n?
5
Let o be (-2)/6*(-22 + 4). Suppose -11*w + 40 = -o*w. Let q be ((-30)/w)/(6/(-128)). Calculate the greatest common divisor of q and 8.
8
Let k = 256 - 236. Let q = -8 + 12. Calculate the highest common factor of q and k.
4
Let c = -347 + 1130. What is the highest common divisor of 27 and c?
27
Suppose 116*o - 2100 = 46*o. Let k be 3*2/3 + 43. What is the highest common factor of o and k?
15
Let p be (214/(-3))/((-4)/6). Suppose -163 = -3*d + p. Let y be 4/7 + (-1442)/(-49). Calculate the greatest common factor of y and d.
30
Suppose -5*x + 63 = -3*d, 5*x - 66 = 5*d - 1. Let a = 58 - 55. Calculate the greatest common divisor of a and x.
3
Suppose 4*l - 3*l - 4 = 0. Suppose 2*z = -0*i + 5*i - 17, 1 = -3*i + l*z. Let k = 10 - i. What is the greatest common factor of k and 10?
5
Let c be 6 + 3 - 9/3. What is the highest common divisor of 192 and c?
6
Suppose -5666*s + 2211 = -5663*s. What is the greatest common factor of s and 22?
11
Let a = 6 - -1. Suppose -f - 4*s = -4*f + a, -f = -3*s - 4. Let z = 13 + -6. What is the highest common divisor of f and z?
1
Let v(n) = -n**3 - 6*n**2 + 17*n + 10. Let w be v(-8). Suppose 3*p = w*p + 5. Let h = -19 + 29. What is the greatest common factor of p and h?
5
Suppose 35 = 2*p + 15. Suppose -r = -j - 5*r + 11, -5*r = -p. Suppose -2*o + j = o. What is the highest common factor of 5 and o?
1
Suppose -2*x - 2*k - 21 + 133 = 0, 3*x = k + 152. Suppose 80 = 6*r - x. What is the highest common divisor of 11 and r?
11
Let r be ((-5)/(-5) + -2)*-140. Suppose -19*x + 468 + r = 0. What is the highest common factor of 224 and x?
32
Suppose 0 = 11*k - 8*k - 108. What is the highest common divisor of k and 180?
36
Suppose 0 = -0*v + 5*v - 10. Let s be (8/6)/v*(-111)/(-2). What is the highest common divisor of 333 and s?
37
Let a(m) = -2*m**3 - 15*m**2 - 9 - 6*m + 19*m**2 - 8*m**2. Let v be a(-3). Calculate the greatest common divisor of v and 9.
9
Let q = 321 - 307. Calculate the highest common factor of 46 and q.
2
Suppose 4*z + 5 = 9*z. Let x be z + -2 + -3 - 1*-45. What is the greatest common factor of 369 and x?
41
Let a = -112 + 113. Let z be (-160)/(-4)*(a + 1). What is the greatest common factor of 32 and z?
16
Suppose 5 = 3*r - 4*b - 2, r = b + 3. Suppose v + 14 = j, -2*j - 51 = 4*v + r. Let c be 180/63*v/(-4). Calculate the highest common factor of 15 and c.
